2 - 2*w + 10. Let q be k(3). Let x = -49 + q. Suppose -a - 3*m + 6 = x, 3*a + m + 3*m = 3. Let u(n) = -n**3 - 2*n**2 + n - 1. What is u(a)?
5
Suppose 2*h = -5*i - 12, 2*i = 153*h - 157*h - 8. Let v(u) = 3*u**2 + 7*u + 8. What is v(i)?
6
Let l(f) be the second derivative of f**5/20 + f**4/3 - 3*f**2/2 - 15*f. Let n be l(-3). Let s(y) = n + 22*y**2 - 7*y**2 - 7*y**2 - y - 9*y**2. What is s(0)?
6
Let r(s) = -5*s**3 - 4*s**2 - 7*s - 3. Let c be ((-3 - -2)/6)/((-8)/(-16))*3. Give r(c).
5
Suppose -2*j - 4*k = 0, j + 0*j = k - 3. Let z(n) = -53*n**3 - n**2 - 5 + 3 + 28*n**3 + n + 1 + 24*n**3. What is z(j)?
1
Let b(o) = -46*o**2 - 20. Let x(n) = 77*n**2 + n + 39. Let l(g) = -5*b(g) - 3*x(g). Determine l(0).
-17
Suppose 7*a - z - 20 = 6, 4*z = -2*a - 14. Let y(t) = -2*t**2 - 9*t + 22. Calculate y(a).
-23
Let j(l) = 107*l + 1282. Let a be j(-12). Let z(t) = t**3 - 2*t**2. Calculate z(a).
-16
Let i(f) = f - 2. Let t be (-28)/(-3)*27/18. Suppose r = 3*y + 14, -2*y - 30 + t = -2*r. What is i(r)?
3
Let k(j) be the third derivative of -j**6/60 - 2*j**2 + 2*j. Let r be k(-1). Let p(h) = -h**2 + 4. What is p(r)?
0
Let r(s) = s**3 - 6*s**2 + 5*s. Let f be r(5). Suppose -4*i + i + 4*q = -10, -q - 1 = f. Let z(d) = -1 - 1 - 8 - d**i + 10*d. Calculate z(9).
-1
Let a be 7 + -3 - (-15)/((-20)/(-4)). Suppose 4*x = a*x - 15. Suppose -2*b + 5*b + 5 = -4*r, 2*b = -r + x. Let q(j) = -j**3 + 4*j**2 + 5*j + 5. Calculate q(b).
5
Let x(v) = v + 3030 - 1030 - 1041 + 2*v - 1023. What is x(19)?
-7
Let u(v) be the third derivative of v**2 + 0*v - 1/120*v**6 - v**3 - 1/6*v**4 - 32 + 1/10*v**5. Calculate u(5).
-1
Let r(w) = w**3 - 4*w**2 - 5*w. Let y be ((-1554)/(-259))/(5/2 + -1). Suppose -y = -b - 0*b. Determine r(b).
-20
Let o(y) = y**3 - 10*y**2 - 25*y + 3. Let c be o(12). Let a(n) = 4*n + 29. Give a(c).
-7
Let w(f) = -f**2 - 12*f - 39. Let p be w(-5). Let s(i) be the second derivative of -i**3 + 5*i**2/2 - 11*i. Give s(p).
29
Let y(a) be the first derivative of a**7/840 - a**6/360 - a**5/60 - a**4/24 - 107*a**3/3 - 142. Let l(u) be the third derivative of y(u). What is l(-1)?
-1
Suppose -3864*q = -3860*q - 112. Let t(l) = -q*l**2 + 29*l**2 - 7*l + l + 3 + 3*l. Determine t(3).
3
Let l(k) = k**2 + 9*k + 2. Let v(p) = -3*p**2 - 50*p - 29. Let x be v(-16). Suppose -2*f = -t - x*t - 6, 5*f + 2*t = -45. Determine l(f).
-12
Let t(g) = 67*g - 1. Suppose -38*l + 1092 = 1054. Give t(l).
66
Suppose -3*t + 4*h - 33 = 0, -t - 4 = 5*h + 7. Let p(d) = 0*d + 26 + 11*d - 8*d - 6 + 10. Determine p(t).
-3
Suppose -59*s + 136 = 9*s. Let o(l) = 3*l**3 - 2*l**2 + 3*l + 2. Give o(s).
24
Let u(n) be the third derivative of n**5/60 - n**4/8 + 2*n**2. Let t be 4/((-8)/55)*((-1190)/(-110) - 11). Give u(t).
10
Let n(p) be the second derivative of -p**5/20 - p**4/2 - 7*p**3/6 - 7*p**2 - 1938*p. Give n(-4).
-18
Let t(v) = -10*v**3 - 4*v**2 - 6*v - 28. Let r be t(-3). Let z(x) = -225*x + 5 + r*x + 3*x**3 - 3*x**2 + 2*x**2 - 3 + 0. Give z(1).
3
Let r = 625 - 655. Let f be 52/(-65) + (-174)/r. Let l(j) be the first derivative of -j**4/4 + 2*j**3 - 3*j**2/2 + 6*j + 1. Determine l(f).
16
Let f(k) be the second derivative of k**6/90 - k**5/120 + k**4/12 + k. Let x(i) be the third derivative of f(i). Suppose 720*q = 156 + 2004. Determine x(q).
23
Let m be 0 - (42/(-5))/((-12)/(-360)). Suppose 350 = 7*t + m. Let l(c) = -c**2 + 13*c + 14. Determine l(t).
0
Let i(n) = -n**3 - 3*n**2 + 5*n + 4. Suppose -3*g + y - 167 = 0, -4*g = -g - 3*y + 159. Let r = -61 - g. Determine i(r).
0
Let f(n) be the second derivative of n**5/20 + n**4 - n**3/6 - 17*n**2/2 - 9*n + 32. Give f(-12).
-5
Suppose -2*w + 56 = -32. Let f be (-402)/8 - (-1)/4*1. Let q = f + w. Let r(i) = -i - 2. Determine r(q).
4
Let w(m) = m**3 - m**2 + 6*m - 12. Suppose 2*a + 5*q = 33, -2*a - 512*q = -509*q - 23. What is w(a)?
60
Let j(o) = -o**3 - 6*o**2 - 11*o - 5. Suppose -s + 5*r = -41, 38*r = -2*s + 39*r + 1. What is j(s)?
7
Let i(s) = s + 22. Let t be i(0). Let k(q) be the third derivative of -q**6/120 + 7*q**5/20 + 11*q**4/12 + 7*q**3/6 + q**2 + 451*q + 3. Calculate k(t).
7
Let v(z) be the first derivative of z**3/3 + 2*z**2 + 2*z + 486. Calculate v(-4).
2
Suppose 2116 = 5*m + 1916. Let l(r) = -3*r**2 + 122*r - 81. What is l(m)?
-1
Suppose -2*v = -4*i - 66, 29*i + 15 = 4*v + 34*i. Let d(b) = 5*b - 106. Determine d(v).
-31
Let s(q) be the first derivative of q**2/2 - q + 5. Let v(f) = -6*f**3 + 11*f**2 + 16*f - 15. Let u be v(1). Determine s(u).
5
Let b(l) = -5*l**2 + 6*l + 7. Let w(k) = -4*k - 5*k - 6 - 2*k + 4*k**2 + 6*k. Let u(m) = 6*b(m) + 7*w(m). Give u(-2).
-10
Let y be ((-19)/(-57))/(1/15). Let c(p) = -3*p - p + y + 12*p**2 - 2*p**2 - 11*p**2. Give c(-6).
-7
Let g(i) = 11*i + 10. Let z(k) = 2*k**3 - k**2 + 38*k - 36. Let h be z(1). Determine g(h).
43
Let r(k) = -k**2 - 5*k - 4. Let g = -41 + 18. Let m = 39 + g. Let b = -21 + m. Give r(b).
-4
Let y be ((-4)/6)/(6/9). Suppose 10*v - 6 - 24 = 0. Let i(l) = 2*l**2 - l + v*l**2 - 10*l**2 - 4*l**2. Determine i(y).
-8
Let d(p) = -p**3 - 9*p**2 - 11*p - 6. Let y be -148 + 140 + 4 + -3. Determine d(y).
-27
Let b = -1 + 2. Let i(j) = 9*j + j**2 + 4*j**2 - 2*j**2 - 2*j**2 + b - 6*j. What is i(-3)?
1
Let j(g) = -23*g**3 - 5*g**2 + 22*g - 2. Let h(m) = -63*m**3 - 16*m**2 + 64*m - 5. Let v(x) = -4*h(x) + 11*j(x). Determine v(7).
-2
Let y(w) = -2*w**2 - 18*w - 18. Suppose -254*c - 52 = -249*c + 4*h, -37 = 5*c - h. Give y(c).
-2
Let z(p) be the second derivative of -p**5/20 + 2*p**4/3 + p**3 + p**2/2 - 5*p + 106. Determine z(9).
-26
Let d(x) = -20*x - 36. Let b(q) = -4*q - 7. Let c(p) = 11*b(p) - 2*d(p). Let w(t) = -t**2 + 13*t - 8. Let s be w(13). Give c(s).
27
Let p(k) = k - 76. Let b be p(-13). Let q = b + 83. Let o(i) = i**2 + i. Let v(j) = 5*j**2 + 9*j - 5. Let a(r) = -4*o(r) + v(r). Give a(q).
1
Let y(m) = -m + m**3 - 2*m**2 - 2*m**2 + 0*m**2 + 4. Let v be 387 - 6*(-2)/4. Let w = 393 - v. Calculate y(w).
-8
Let x(i) = i**3 - 5*i**2 + 3*i. Let z = 59 + 37. Suppose 6*t = z - 30. Let o be (t + -9)/((-4)/(-6)). Give x(o).
-9
Let n = 74 + -71. Suppose -4*q + n*y - 15 = -3*q, -12 = -4*y. Let r(a) = -a**3 - 7*a**2 - 5*a + 4. Calculate r(q).
-2
Let p be -5 - 4/6*3. Let h(o) = -4*o + 514. Let i(x) = 3*x - 366. Let k(d) = -5*h(d) - 7*i(d). What is k(p)?
-1
Let s(g) = 2*g + 24. Let j(w) = 2*w + 49. Let q(n) = 5*j(n) - 9*s(n). Give q(3).
5
Let j(t) = 2*t**3 - 22*t**2 + 23*t - 29. Let u be -45*14/105*135/(-81). Calculate j(u).
1
Let t(z) be the first derivative of -z**3/3 - 13*z**2/2 + 9*z + 7. Suppose 42*k = n + 47*k + 28, 0 = n + k + 16. Give t(n).
9
Let q(b) = -17*b**3 + 46*b**2 - 116*b + 43. Let f(o) = -5*o**3 + 15*o**2 - 39*o + 11. Let w(d) = 7*f(d) - 2*q(d). Calculate w(7).
-2
Let g(m) = -143 + 2328*m + 325 - 2341*m. Determine g(15).
-13
Let s = 3458 - 3466. Let f(i) = i**3 + 7*i**2 - 14*i - 18. Calculate f(s).
30
Let c(r) = -295*r - 3238. Let n be c(-11). Let d(w) = 2*w**2 - 8 + 9*w - 3*w**2 - 2*w. What is d(n)?
-8
Suppose 53*a + 77 = 60*a. Suppose 3*c + a = -13. Let t(p) = p**3 + 9*p**2 + 10*p + 10. What is t(c)?
-6
Suppose -49*u = r - 45*u - 13, 4*u = 0. Suppose r*b = 9*b + 40. Let j(i) = -i + 7. Determine j(b).
-3
Let t(j) = -2364*j**3 - j - j + 789*j**3 - j**2 + 793*j**3 - 1 + 783*j**3. Calculate t(2).
-1
Suppose -3*v - 3*s + 33 = 0, -2*v - 4*s = -78 + 38. Let y(p) be the third derivative of p**4/4 - p**3/6 - p**2. Give y(v).
11
Let m be (-3 - -3 - 4) + -31 + 39. Let l(f) = f**3 - f**2 - 10*f + 3. What is l(m)?
11
Let q(h) = -20*h - 180. Let f(j) = j**2 - 48*j - 450. Let r(a) = 2*f(a) - 5*q(a). Let u be (-13)/3 - 2/3. Give r(u).
30
Let x(b) be the second derivative of b**4/12 + 8*b**3 + 141*b**2 + b - 2337. Give x(-41).
-5
Let f(p) = -4*p**2 - 4*p - 1. Let b(t) = 5*t**2 + 3*t + 2. Let d(h) = 3*b(h) + 4*f(h). Suppose 0 = 3*s - 5*j + 69, -77 = 275*s - 271*s - 5*j. What is d(s)?
-6
Let s(p) = -p**3 + 3*p**2 + p. Let m(w) = -16*w**3 + 60*w**2 + 20*w + 4. Let x(t) = m(t) - 20*s(t). What is x(-2)?
-28
Let f(j) be the first derivative of -j**2/2 + 24*j + 2909. Give f(32).
-8
Let u = 693 + -400. Let p = u + -286. Let a(n) = -n**3 + 6*n**2 + 7*n + 6. Determine a(p).
6
Let t(z) = 46*z + 77. Let k(o) = 66*o + 75. Let c(l) = 2*k(l) - 3*t(l). Determine c(-14).
3
Let q(y) = -y**2 + 2*y + 3. Let j be 5/2 + 6/(-12). Let 